r**2 + 16*r. Is g(15) a prime number?
False
Let l(g) = 224*g**2 + 94*g + 2. Let o be l(-5). Suppose 27*v = o + 75841. Is v composite?
False
Is ((-14509)/(-3))/(2/(-6))*(-2 - -1) composite?
True
Let p be (-18)/(-10) - (116/20 + -5). Is (p/(-2))/((-13)/45058) a composite number?
False
Suppose m - 660 = -3*r + 318, 3*r - 2*m = 987. Suppose 3*y + 4*f - r = 4*y, 5*y - 3*f + 1703 = 0. Let j = y + 998. Is j composite?
True
Let x(w) be the third derivative of 0*w + 1/6*w**3 + 0 + 11*w**2 - 7/12*w**4. Is x(-9) a prime number?
True
Let g(t) = 4*t - 44. Let w be g(13). Suppose -6*x + w*x = 4. Suppose x*z + 7*z - 6507 = 0. Is z a composite number?
True
Suppose 0 = -18*t + 3*t + 450. Suppose t*r = 53825 + 84745. Is r composite?
True
Suppose -3*a + 12 + 6 = 0. Let m(f) = 13*f**2 + 15*f + 31. Let t(r) = -7*r**2 - 9*r - 16. Let h(p) = 3*m(p) + 5*t(p). Is h(a) prime?
True
Suppose 90 = 2*y - 8*y. Is ((y + 9)/12)/(1/(-1082)) composite?
False
Let v = 286 - -66. Is (112/v - (-2)/11)*21166 composite?
True
Let k(h) = 2*h**2 - 8*h - 21. Let x be k(-5). Suppose -7212 = -x*n + 71*n. Let u = n - -5777. Is u prime?
False
Let o be 661*1*(15 + -12). Let r = o - 1176. Suppose -2*m + r = m. Is m a prime number?
True
Let s(k) be the third derivative of 34*k**5/15 + 11*k**4/8 - 91*k**3/3 - 2*k**2 - 104. Is s(5) prime?
False
Let o be (-1 + -1)/((20/38)/(-5)). Suppose -t + 14*a + 17430 = o*a, a = 3*t - 52370. Is t composite?
True
Suppose -25 = 5*k, -2*k = y + k - 43708. Is y composite?
True
Suppose 5*x - 6*x = -22. Let h = x + -19. Suppose h*b - 5509 = -4*b. Is b a prime number?
True
Let o(v) be the first derivative of -v**4/8 + 149*v**3/6 - 13*v**2 + 24. Let h(a) be the second derivative of o(a). Is h(0) composite?
False
Suppose 2*k - 2712 = k - 5*g, 5*k - 6*g = 13684. Suppose 0 = 3*n - 7137 - 6558. Let v = n + k. Is v a composite number?
False
Let r(h) = -h**2 + h. Let g(o) = 1250*o**2 + 16*o + 2. Let n(z) = g(z) - 12*r(z). Let s be n(-2). Suppose 2*q = -4*k + s, 5*k + 0*q = -2*q + 6301. Is k prime?
True
Suppose -4*x = 5*y - 444, -52*y = -56*y + 2*x + 376. Suppose 95*m - 6609 = y*m. Is m composite?
False
Is (-87780684)/(-432) - 6/(-8) - 4/(-18) a composite number?
True
Let b(r) = 12*r**3 - 2*r**2 - 4*r - 10. Let x be b(-6). Let n = -923 - x. Is n composite?
True
Let f(g) = -g + 1. Let r(k) = -66*k + 37. Let d(u) = 3*f(u) + r(u). Is d(-1) a composite number?
False
Let g = 317 + -313. Suppose -g*r = -5*n - 19, -4*r + 3*n + 13 = -8. Is r a prime number?
False
Suppose 83*j - 84*j + 3 = 0. Suppose j*c = 6*c + 3. Is ((-1212)/1 - 1)*c composite?
False
Is (-30 + (-98143227)/(-204))*(-4)/(-3) a composite number?
False
Suppose -4*n = 10117 + 935. Is ((-2)/(-3))/(-7 + (-19344)/n) a composite number?
True
Let p(a) = 21*a**2 + 526*a - 106. Is p(-75) a composite number?
False
Suppose 0*c = -3*c + 309. Let q(m) = -2 + 0 + c*m**2 + 7 - 93*m**2 - 8*m. Is q(8) a composite number?
True
Suppose -99400 = -39*b + 49*b. Let h = 24375 + b. Is h a composite number?
True
Let v = 169 + -172. Is 4/12*79*v*-29 a composite number?
True
Let c = -614 + 617. Let i(f) = 4565*f + 6. Is i(c) a composite number?
True
Let k(q) = 8*q**3 + 2*q**2 - 11*q + 3. Let x be k(20). Suppose 3*l = -14*l + x. Is l composite?
True
Suppose -18*x - 9*x = -3618. Suppose 6 = 3*a - 0. Suppose a*m - x = -0*m. Is m prime?
True
Let v be (50/15 - 4)/((-6)/9). Let q be (v/2)/((-27)/(-108)). Suppose 0 = 2*x + b - 2722, x + q*b - 717 - 644 = 0. Is x composite?
False
Suppose -5*r + 6 = 2*q - r, 3*q - 3*r - 18 = 0. Is -2*(-7 + q) + 1461 + 0 prime?
False
Let d be (-2)/(-5) - 112557/255. Let v = d - -962. Is v a composite number?
False
Let i(t) = -356*t**3 - 10*t**2 - 33*t - 91. Is i(-12) a prime number?
False
Suppose 2*r - 5684902 = -11*r - 1991459. Is r composite?
False
Suppose 246*f + 2*p - 9198 = 244*f, -3*f - 2*p + 13795 = 0. Is f composite?
False
Let i be (-7 + (-12)/4)*6. Let h = -60 - i. Suppose p - 2*v - 713 = -h*p, 4*p - v = 2873. Is p a composite number?
False
Let a(v) = 22*v**2 - 2*v - 11. Let g = 16 + -1. Let t be a(g). Let x = t - 3324. Is x a composite number?
True
Suppose -25*l + 28*l - 6 = 0. Suppose -q - l*b = -1563, 3*b = q + 6*b - 1565. Is q a composite number?
False
Suppose 24468353 = 44*i + 2803550 - 312889. Is i a composite number?
False
Is (-10*(-4)/40)/(((-9)/(-888591))/3) a composite number?
True
Suppose 509*x = 555*x - 10405798. Is x prime?
False
Let r(a) = 2*a**3 - 3*a**2 + 7*a - 8. Let z be r(-4). Let w = z - -448. Is w/8*(8 + 2) composite?
True
Let l(b) = -3*b**3 - b**2 + 12*b + 19. Let c(y) = 2*y**3 + y**2 + y. Let t(w) = -2*c(w) + l(w). Is t(-7) a prime number?
True
Suppose 564*q - 487*q - 21414239 = 0. Is q a prime number?
False
Let d(s) = -19*s**2 + 58*s - 1. Let p be d(3). Suppose -10 = 2*r, -h + 21241 = p*h + 4*r. Is h a composite number?
True
Is (-5 - 21/(-6)) + 11406850/100 composite?
False
Let i(c) = 325*c**3 - 4*c**2 + 36*c + 17. Is i(6) composite?
False
Let f = 37 + -37. Suppose -3*c + 2*z + 0*z + 11 = f, 4*c + 8 = -3*z. Is 684 - (-2 - c)/3 composite?
True
Let i be 32/6 + (-1 - 4/(-6)). Suppose 7155 = i*p - 38140. Is p prime?
True
Let c(v) = -233*v**2 + 2 + 25*v**2 + 2 - 22*v**2. Let a be c(-4). Is ((-3)/2)/(6/a) a composite number?
False
Let m be ((-68)/85)/((-4)/26090). Suppose -3*t + t = -m. Is t composite?
False
Suppose -4*h + 0*h - 2*k = -6324, 4*h + 3*k - 6326 = 0. Suppose 24*i = 20*i + h. Is i a prime number?
False
Let s be (24/9)/(6/(-279)). Let n = 679 + s. Suppose -5*a - n = -3*j, -5*j = -2*j + a - 555. Is j a prime number?
False
Let n(j) = 4*j + 66. Let u = -124 - -108. Let a be n(u). Suppose 4*l = -g + 3967, -6*l = -a*l. Is g a composite number?
False
Suppose -127086 + 845607 = 6*a + 3*v, 4*a = 3*v + 479009. Is a composite?
True
Is ((-3221439)/117)/(2/(-6)) a composite number?
False
Suppose -n - 623 = -3*m, -3*m - 5*n = -5*m + 411. Suppose m + 1480 = 4*b. Is b prime?
False
Let l(f) = f**3 - 5*f**2 - 2*f. Let k be l(-6). Let m = 675 + k. Let q = m - -16. Is q a composite number?
False
Is -4 + 3 + 322416/8 a prime number?
False
Let g(r) = 14*r**2 - 15*r - 43. Let m be g(13). Let u = m + -1395. Is u prime?
True
Suppose -49 = 11*o - 478. Suppose -74910 = 9*k - o*k. Is k composite?
True
Suppose 20*k = 6*k - 515480. Is (-6)/27 - k/45 prime?
False
Let k(r) = -3*r**3 + 16*r**2 + 11*r + 7. Let n(o) = -o**3 + o**2 - o + 1. Let s(z) = k(z) - 4*n(z). Let m be 7 - (-819)/(-49) - 4/14. Is s(m) composite?
False
Let w(j) = -15*j**3 - 15*j**2 - 26*j + 13. Let m(f) = -f**3 - 2*f**2 - f. Let v(t) = 6*m(t) - w(t). Is v(10) prime?
False
Is 15/(-12) + 3099457/68 composite?
True
Let q = -145 - -95. Let j be (25/q)/(2/4). Is (-1901)/(0/1 + j) composite?
False
Suppose -177 = -8*r + 3*r - h, 2*h = -5*r + 174. Suppose 29*x = r*x - 26439. Is x a prime number?
False
Is (2 - (-6710705)/45) + 10/45 a prime number?
False
Let d(z) = -3*z**2 - 53*z + 40. Let u be d(-23). Let s = -275 - u. Is s composite?
False
Let h = -69390 + 119003. Is h prime?
True
Suppose -4*m + 10284718 = -3*b, -45*b - 7713539 = -3*m - 43*b. Is m a composite number?
False
Suppose 0 = 5*k - c + 14410, -2*c - c = -4*k - 11539. Is -4 - (-2 - 6) - k a prime number?
False
Let d = -16657 - -40070. Is d a composite number?
True
Let q(w) = 1151*w - 125. Suppose -3*d + 0*d - 1 = -2*b, -b + 5*d - 17 = 0. Is q(b) a prime number?
False
Is 741280/6 - (-32)/96 a prime number?
True
Suppose -5*g = 25, 29313 = -5*x + 9*x - g. Is x a prime number?
False
Let n be ((-33165)/(-6))/15*12. Let f = n - 2879. Is f a composite number?
False
Let z(w) = -w**3 - 12*w**2 + 2*w + 18. Let j be z(-12). Let r be (-11 - -3) + 6 - j/1. Is (1/r)/(8/(-32)) + 35 a prime number?
False
Let q(g) = -g**3 - 13*g**2 - 40*g + 9. Let d be q(-8). Suppose d*z - 4*z - 2*r = 15819, -4*r = 3*z - 9481. Is z composite?
False
Let o(z) = 215633*z + 20. Is o(1) prime?
True
Is 16/12 - (436952/(-3) - -3) a prime number?
False
Let u(j) = 19*j - 19. Let z(l) = 65*l - 6 - 31 - 26*l. Let n(c) = -5*u(c) + 2*z(c). Is n(-14) composite?
True
Suppose -3*p = 3*r + 12735, 2*p - 17000 = 4*r + p. Is (-3)/12 - (1 - r/(-4)) a composite number?
False
Let p = 3074 - 6602. Let z = p - -9047. Is z a composite number?
False
Let g(x) be the first derivative of 10*x**3 - 3*x**2 - 5*x + 1. Let f(r) = -96*r + 2598. Let n be f(27)